{"id":863,"date":"2020-07-13T20:01:08","date_gmt":"2020-07-13T23:01:08","guid":{"rendered":"https:\/\/www.riehlatinoamerica.org\/?page_id=863"},"modified":"2020-08-06T16:54:54","modified_gmt":"2020-08-06T19:54:54","slug":"alianzas-3","status":"publish","type":"page","link":"https:\/\/www.riehlatinoamerica.org\/index.php\/alianzas-3\/","title":{"rendered":"Alianzas"},"content":{"rendered":"<div id=\"pl-863\"  class=\"panel-layout\" ><div id=\"pg-863-0\"  class=\"panel-grid panel-no-style\" ><div id=\"pgc-863-0-0\"  class=\"panel-grid-cell\" ><div id=\"panel-863-0-0-0\" class=\"so-panel widget widget_sow-editor panel-first-child panel-last-child\" data-index=\"0\" ><div\n\t\t\t\n\t\t\tclass=\"so-widget-sow-editor so-widget-sow-editor-base\"\n\t\t\t\n\t\t>\n<div class=\"siteorigin-widget-tinymce textwidget\">\n\t<p>Nos conectamos con redes, instituciones y personas con prop\u00f3sitos similares, principalmente de la econom\u00eda social y solidaria, universidades, centros de pensamiento (think tanks), organizaciones de la sociedad civil, econom\u00edas transformadoras, en todo el mundo.<br \/>\nEstamos abiertos a iniciativas de cooperaci\u00f3n, intercambios de informaci\u00f3n, participaci\u00f3n en proyectos conjuntos, con especial inter\u00e9s por las actividades en territorio.<\/p>\n<p><strong>Argentina<\/strong><\/p>\n<p><a href=\"https:\/\/educacioneticaydesarrollo.wordpress.com\/\" target=\"_blank\" rel=\"noopener\">Educaci\u00f3n, \u00c9tica y Desarrollo<\/a><\/p>\n<p><a href=\"https:\/\/grupofarrell.wixsite.com\/grupofarrell\" target=\"_blank\" rel=\"noopener\">Grupo Farrell<\/a><\/p>\n<p><strong>Brasil<\/strong><\/p>\n<p><a href=\"https:\/\/senospermitemsonhar.wordpress.com\/\" target=\"_blank\" rel=\"noopener\">Activismo social<\/a><\/p>\n<p><strong>Chile<\/strong><\/p>\n<p><a href=\"https:\/\/fae.usach.cl\/fae\" target=\"_blank\" rel=\"noopener\">Cooperativas y Econom\u00eda Social y Solidaria<\/a><\/p>\n<p><a href=\"http:\/\/www.universitasnc.net\/universitas\/\" target=\"_blank\" rel=\"noopener\">Universitas Nueva Civilizaci\u00f3n<\/a><\/p>\n<p><strong>Colombia<\/strong><\/p>\n<p><a href=\"https:\/\/www.usta.edu.co\/\" target=\"_blank\" rel=\"noopener\">Universidad Santo Tom\u00e1s<\/a><\/p>\n<p><a href=\"http:\/\/revistas.ustabuca.edu.co\/\" target=\"_blank\" rel=\"noopener\">Revista Lebret<\/a><\/p>\n<p><strong>Costa Rica<\/strong><\/p>\n<p><a href=\"http:\/\/www.cedi2017.cedi.cr\/\" target=\"_blank\" rel=\"noopener\">Centro Dominico de Investigaci\u00f3n<\/a><\/p>\n<p><strong>El Salvador<\/strong><\/p>\n<p><a href=\"http:\/\/www.uca.edu.sv\/mdt\/blog\/la-uca-y-su-trabajo-territorial-2015-2017\/\" target=\"_blank\" rel=\"noopener\">Desarrollo Territorial<\/a><\/p>\n<p><strong>Guatemala<\/strong><\/p>\n<p><a href=\"http:\/\/www.asies.org.gt\" target=\"_blank\" rel=\"noopener\">Asociaci\u00f3n Civil<\/a><\/p>\n<p><strong>M\u00e9xico<\/strong><\/p>\n<p><a href=\"https:\/\/ctpehe.org\/\" target=\"_blank\" rel=\"noopener\">Centro Humanismo Econ\u00f3mico<\/a><\/p>\n<p><a href=\"https:\/\/estudiosecumenicos.org.mx\" target=\"_blank\" rel=\"noopener\">Centro de estudios ecum\u00e9nicos<\/a><\/p>\n<p><strong>Nicaragua<\/strong><\/p>\n<p><a href=\"http:\/\/www.infodet.edu.ni\" target=\"_blank\" rel=\"noopener\">Desarrollo Territorial<\/a><\/p>\n<p><strong>Per\u00fa<\/strong><\/p>\n<p><a href=\"https:\/\/emayor.edu.pe\/\" target=\"_blank\" rel=\"noopener\">Gesti\u00f3n Municipal\u00a0<\/a><\/p>\n<p><a href=\"https:\/\/www.uarm.edu.pe\/InvestigacionIncidencia\/institutos\/etica-y-desarrollo\" target=\"_blank\" rel=\"noopener\">\u00c9tica y Desarrollo<\/a><\/p>\n<p><a href=\"http:\/\/ipcem.net\" target=\"_blank\" rel=\"noopener\">Pensamiento Complejo<\/a><\/p>\n<p><strong>Uruguay<\/strong><\/p>\n<p><a href=\"http:\/\/economiasolidaria.org.uy\/\" target=\"_blank\" rel=\"noopener\">Red de Econom\u00eda Social y Solidaria<\/a><\/p>\n<p><a href=\"https:\/\/www.acde.org.uy\/\" target=\"_blank\" rel=\"noopener\">ACDE<\/a><\/p>\n<p><a href=\"http:\/\/universidad.claeh.edu.uy\/\" target=\"_blank\" rel=\"noopener\">Universidad CLAEH<\/a><\/p>\n<p><strong>Venezuela<\/strong><\/p>\n<p><a href=\"http:\/\/www.uvm.edu.uy\" target=\"_blank\" rel=\"noopener\">Universidad Valle del Momboy<\/a><\/p>\n<p><strong>Espa\u00f1a<\/strong><\/p>\n<p><a href=\"https:\/\/economiahumana.org\/\" target=\"_blank\" rel=\"noopener\">Web RIEH<\/a><\/p>\n<\/div>\n<\/div><\/div><\/div><\/div><\/div>","protected":false},"excerpt":{"rendered":"<p>Nos conectamos con redes, instituciones y personas con prop\u00f3sitos similares, principalmente de la econom\u00eda social y solidaria, universidades, centros de pensamiento (think tanks), organizaciones de la sociedad civil, econom\u00edas transformadoras, &hellip; <\/p>\n","protected":false},"author":2,"featured_media":0,"parent":0,"menu_order":0,"comment_status":"closed","ping_status":"closed","template":"","meta":{"_bbp_topic_count":0,"_bbp_reply_count":0,"_bbp_total_topic_count":0,"_bbp_total_reply_count":0,"_bbp_voice_count":0,"_bbp_anonymous_reply_count":0,"_bbp_topic_count_hidden":0,"_bbp_reply_count_hidden":0,"_bbp_forum_subforum_count":0,"spay_email":"","_links_to":"","_links_to_target":""},"_links":{"self":[{"href":"https:\/\/www.riehlatinoamerica.org\/index.php\/wp-json\/wp\/v2\/pages\/863"}],"collection":[{"href":"https:\/\/www.riehlatinoamerica.org\/index.php\/wp-json\/wp\/v2\/pages"}],"about":[{"href":"https:\/\/www.riehlatinoamerica.org\/index.php\/wp-json\/wp\/v2\/types\/page"}],"author":[{"embeddable":true,"href":"https:\/\/www.riehlatinoamerica.org\/index.php\/wp-json\/wp\/v2\/users\/2"}],"replies":[{"embeddable":true,"href":"https:\/\/www.riehlatinoamerica.org\/index.php\/wp-json\/wp\/v2\/comments?post=863"}],"version-history":[{"count":7,"href":"https:\/\/www.riehlatinoamerica.org\/index.php\/wp-json\/wp\/v2\/pages\/863\/revisions"}],"predecessor-version":[{"id":1283,"href":"https:\/\/www.riehlatinoamerica.org\/index.php\/wp-json\/wp\/v2\/pages\/863\/revisions\/1283"}],"wp:attachment":[{"href":"https:\/\/www.riehlatinoamerica.org\/index.php\/wp-json\/wp\/v2\/media?parent=863"}],"curies":[{"name":"wp","href":"https:\/\/api.w.org\/{rel}","templated":true}]}}